{"id":2393,"date":"2018-10-08T11:28:22","date_gmt":"2018-10-08T14:28:22","guid":{"rendered":"http:\/\/passasete.rs.gov.br\/portal\/?page_id=2393"},"modified":"2020-06-17T16:18:23","modified_gmt":"2020-06-17T19:18:23","slug":"localizacao","status":"publish","type":"page","link":"http:\/\/passasete.rs.gov.br\/portal\/localizacao\/","title":{"rendered":"Localiza\u00e7\u00e3o"},"content":{"rendered":"<p><strong>LOCALIZA\u00c7\u00c3O:<\/strong><\/p>\n<p>O munic\u00edpio de Passa Sete possui uma \u00e1rea de 303,58km\u00b2, localiza-se a uma <a href=\"https:\/\/pt.wikipedia.org\/wiki\/Latitude\">latitude<\/a>\u00a029\u00ba27&#8217;12&#8221; sul e a uma\u00a0<a href=\"https:\/\/pt.wikipedia.org\/wiki\/Longitude\">longitude<\/a> 52\u00ba57&#8217;41&#8221; oeste, estando a uma altitude de 589 metros. Fica entre o munic\u00edpio de Candel\u00e1ria e Sobradinho. O acesso rodovi\u00e1rio asfaltado ocorre pela rodovia <a href=\"https:\/\/pt.wikipedia.org\/wiki\/RS-400\">RS-400<\/a>.<\/p>\n<p>O acesso rodovi\u00e1rio asfaltado ocorre pela rodovia RS-400. Dist\u00e2ncias aproximadas entre Passa Sete e:<br \/>Porto Alegre\/RS&#8230;&#8230;&#8230;&#8230; 230 Km<br \/>Santa Maria\/RS&#8230;&#8230;&#8230;&#8230;. 122 Km<br \/>Santa Cruz do Sul\/RS&#8230;&#8230;.. 75 Km<br \/>Candel\u00e1ria\/RS&#8230;&#8230;&#8230;&#8230;&#8230; 37 Km<br \/>Lajeado\/RS&#8230;&#8230;&#8230;&#8230;&#8230;.. 132 Km<br \/>Soledade\/RS&#8230;&#8230;&#8230;&#8230;&#8230;. 163 Km<br \/>Salto do Jacu\u00ed\/RS&#8230;&#8230;&#8230;.. 60 Km<br \/>Arroio do Tigre\/RS&#8230;&#8230;&#8230;. 21 Km<br \/>Sobradinho\/RS&#8230;&#8230;&#8230;&#8230;&#8230;. 8 Km<br \/>Passo Fundo\/RS&#8230;&#8230;&#8230;&#8230;. 201 Km<\/p>\n<p>\u00a0<\/p>\n<p>\u00a0<\/p>\n\n\n<figure class=\"wp-block-image size-large\"><img fetchpriority=\"high\" decoding=\"async\" width=\"1024\" height=\"622\" src=\"http:\/\/passasete.rs.gov.br\/portal\/wp-content\/uploads\/2020\/06\/Mapa-munic\u00edpio-1024x622.jpeg\" alt=\"\" class=\"wp-image-3086\" srcset=\"http:\/\/passasete.rs.gov.br\/portal\/wp-content\/uploads\/2020\/06\/Mapa-munic\u00edpio-1024x622.jpeg 1024w, http:\/\/passasete.rs.gov.br\/portal\/wp-content\/uploads\/2020\/06\/Mapa-munic\u00edpio-300x182.jpeg 300w, http:\/\/passasete.rs.gov.br\/portal\/wp-content\/uploads\/2020\/06\/Mapa-munic\u00edpio-768x466.jpeg 768w, http:\/\/passasete.rs.gov.br\/portal\/wp-content\/uploads\/2020\/06\/Mapa-munic\u00edpio-1536x933.jpeg 1536w, http:\/\/passasete.rs.gov.br\/portal\/wp-content\/uploads\/2020\/06\/Mapa-munic\u00edpio-2048x1243.jpeg 2048w, http:\/\/passasete.rs.gov.br\/portal\/wp-content\/uploads\/2020\/06\/Mapa-munic\u00edpio-240x146.jpeg 240w, http:\/\/passasete.rs.gov.br\/portal\/wp-content\/uploads\/2020\/06\/Mapa-munic\u00edpio-50x30.jpeg 50w, http:\/\/passasete.rs.gov.br\/portal\/wp-content\/uploads\/2020\/06\/Mapa-munic\u00edpio-124x75.jpeg 124w\" sizes=\"(max-width: 1024px) 100vw, 1024px\" \/><\/figure>\n","protected":false},"excerpt":{"rendered":"<p>LOCALIZA\u00c7\u00c3O: O munic\u00edpio de Passa Sete possui uma \u00e1rea de 303,58km\u00b2, localiza-se a uma latitude\u00a029\u00ba27&#8217;12&#8221; sul e a uma\u00a0longitude 52\u00ba57&#8217;41&#8221; oeste, estando a uma altitude de<span class=\"excerpt-hellip\"> [\u2026]<\/span><\/p>\n","protected":false},"author":1,"featured_media":0,"parent":0,"menu_order":0,"comment_status":"closed","ping_status":"closed","template":"","meta":{"footnotes":""},"class_list":["post-2393","page","type-page","status-publish","hentry"],"_links":{"self":[{"href":"http:\/\/passasete.rs.gov.br\/portal\/wp-json\/wp\/v2\/pages\/2393","targetHints":{"allow":["GET"]}}],"collection":[{"href":"http:\/\/passasete.rs.gov.br\/portal\/wp-json\/wp\/v2\/pages"}],"about":[{"href":"http:\/\/passasete.rs.gov.br\/portal\/wp-json\/wp\/v2\/types\/page"}],"author":[{"embeddable":true,"href":"http:\/\/passasete.rs.gov.br\/portal\/wp-json\/wp\/v2\/users\/1"}],"replies":[{"embeddable":true,"href":"http:\/\/passasete.rs.gov.br\/portal\/wp-json\/wp\/v2\/comments?post=2393"}],"version-history":[{"count":3,"href":"http:\/\/passasete.rs.gov.br\/portal\/wp-json\/wp\/v2\/pages\/2393\/revisions"}],"predecessor-version":[{"id":3088,"href":"http:\/\/passasete.rs.gov.br\/portal\/wp-json\/wp\/v2\/pages\/2393\/revisions\/3088"}],"wp:attachment":[{"href":"http:\/\/passasete.rs.gov.br\/portal\/wp-json\/wp\/v2\/media?parent=2393"}],"curies":[{"name":"wp","href":"https:\/\/api.w.org\/{rel}","templated":true}]}}