{"id":3757,"date":"2021-06-07T09:51:13","date_gmt":"2021-06-07T12:51:13","guid":{"rendered":"http:\/\/passasete.rs.gov.br\/portal\/?page_id=3757"},"modified":"2021-06-07T18:26:58","modified_gmt":"2021-06-07T21:26:58","slug":"secretaria-municipal-de-assistencia-social","status":"publish","type":"page","link":"http:\/\/passasete.rs.gov.br\/portal\/secretaria-municipal-de-assistencia-social\/","title":{"rendered":"Secretaria Municipal de Assist\u00eancia Social"},"content":{"rendered":"\n<div class=\"wp-block-image\"><figure class=\"alignleft size-large\"><img decoding=\"async\" width=\"129\" height=\"232\" src=\"http:\/\/passasete.rs.gov.br\/portal\/wp-content\/uploads\/2021\/06\/Secretaria-Municipal-de-Assist\u00eancia-Social.jpg\" alt=\"\" class=\"wp-image-3809\" srcset=\"http:\/\/passasete.rs.gov.br\/portal\/wp-content\/uploads\/2021\/06\/Secretaria-Municipal-de-Assist\u00eancia-Social.jpg 129w, http:\/\/passasete.rs.gov.br\/portal\/wp-content\/uploads\/2021\/06\/Secretaria-Municipal-de-Assist\u00eancia-Social-81x146.jpg 81w, http:\/\/passasete.rs.gov.br\/portal\/wp-content\/uploads\/2021\/06\/Secretaria-Municipal-de-Assist\u00eancia-Social-28x50.jpg 28w, http:\/\/passasete.rs.gov.br\/portal\/wp-content\/uploads\/2021\/06\/Secretaria-Municipal-de-Assist\u00eancia-Social-42x75.jpg 42w\" sizes=\"(max-width: 129px) 100vw, 129px\" \/><\/figure><\/div>\n\n\n\n<p>Secretaria Municipal de Assist\u00eancia Social<\/p>\n\n\n\n<p>Secret\u00e1ria: Janice Loebens<\/p>\n\n\n\n<p>Endere\u00e7o: Rua Grapia n\u00ba 331 Bairro Centro \u2013Passa Sete- RS<\/p>\n\n\n\n<p>Hor\u00e1rio de Atendimento: \u202fSegunda a Sexta-feira \u2013 8h00min \u00e0s 12h00min \u2013 13h00min \u00e0s 17h00min.<\/p>\n\n\n\n<p>Telefone: (51) 3616-60-70 e (51) 997331002<\/p>\n\n\n\n<p>E-mail: \u202fassistenciap7@hotmail.com<\/p>\n\n\n\n<p>. A Secretaria Municipal de Assist\u00eancia Social \u00e9 o \u00f3rg\u00e3o da Prefeitura que tem por compet\u00eancia:<\/p>\n\n\n\n<p>&nbsp;&nbsp; I &#8211; desenvolver as atividades relacionadas ao planejamento e implementa\u00e7\u00e3o da Lei Org\u00e2nica da Assist\u00eancia Social &#8211; LOAS, no \u00e2mbito do Munic\u00edpio;<\/p>\n\n\n\n<p>&nbsp;&nbsp; II &#8211; motivar a participa\u00e7\u00e3o da popula\u00e7\u00e3o em solu\u00e7\u00f5es de car\u00e1ter cooperativo, mediante o uso de processos auto construtivos e outros que facilitem o acesso \u00e0 habita\u00e7\u00e3o de interesse social;<\/p>\n\n\n\n<p>&nbsp;&nbsp; III &#8211; formular e executar a pol\u00edtica municipal de assist\u00eancia social, conjugando esfor\u00e7os dos setores governamental e n\u00e3o governamental, visando prote\u00e7\u00e3o \u00e0 maternidade, \u00e0 inf\u00e2ncia, \u00e0 adolesc\u00eancia, \u00e0 velhice e \u00e0s pessoas portadoras de necessidades especiais;<\/p>\n\n\n\n<p>&nbsp;&nbsp; IV &#8211; formular e implementar a pol\u00edtica de promo\u00e7\u00e3o, atendimento, prote\u00e7\u00e3o, amparo, defesa e garantia dos direitos da crian\u00e7a e adolescente, em parceria com organiza\u00e7\u00f5es governamentais e n\u00e3o governamentais, observada a legisla\u00e7\u00e3o pertinente;<\/p>\n\n\n\n<p>&nbsp;&nbsp; XV &#8211; desenvolver planos, programas e projetos, destinados \u00e0 promo\u00e7\u00e3o humana e visando \u00e0 inclus\u00e3o social;<\/p>\n\n\n\n<p>&nbsp;&nbsp; VI &#8211; manter atividades de pesquisa da realidade social, desenvolvendo e capacitando recursos humanos, orientando-os \u00e0 presta\u00e7\u00e3o de servi\u00e7os t\u00e9cnicos na \u00e1rea social;<\/p>\n\n\n\n<p>&nbsp;&nbsp; VII &#8211; promover o fortalecimento das rela\u00e7\u00f5es familiares no \u00e2mbito da sociedade;<\/p>\n\n\n\n<p>&nbsp;&nbsp; VIII &#8211; formular e executar pol\u00edticas de apoio aos idosos e \u00e0s minorias;<\/p>\n\n\n\n<p>&nbsp;&nbsp; IX &#8211; a a\u00e7\u00e3o junto a grupos sociais, visando sua organiza\u00e7\u00e3o e desenvolvimento de objetivos e de melhoria das condi\u00e7\u00f5es de vida;<\/p>\n\n\n\n<p>&nbsp;&nbsp; X &#8211; a negocia\u00e7\u00e3o de conv\u00eanios com \u00f3rg\u00e3os p\u00fablicos federais e estaduais para implementar programas e a\u00e7\u00f5es voltadas para a assist\u00eancia social;<\/p>\n\n\n\n<p>&nbsp;&nbsp; XI &#8211; a presta\u00e7\u00e3o de apoio aos portadores de necessidades especiais, mobilizando a colabora\u00e7\u00e3o comunit\u00e1ria;<\/p>\n\n\n\n<p>&nbsp;&nbsp; XII &#8211; atender, de acordo com as previs\u00f5es or\u00e7ament\u00e1rias e financeiras, a popula\u00e7\u00e3o carente, atrav\u00e9s dos programas de assist\u00eancia social;<\/p>\n\n\n\n<p>&nbsp;&nbsp; XIII &#8211; promover o mapeamento e o cadastramento t\u00e9cnico das \u00e1reas utilizadas pela popula\u00e7\u00e3o carente;<\/p>\n\n\n\n<p>&nbsp;&nbsp; XIV &#8211; desenvolver programas de atendimento \u00e0 fam\u00edlia, jovens, dependentes qu\u00edmicos e demais segmentos necessitados;<\/p>\n\n\n\n<p>&nbsp;&nbsp; XV &#8211; criar e manter atualizado cadastro das fam\u00edlias em situa\u00e7\u00e3o de maior vulnerabilidade social e risco residentes no Munic\u00edpio;<\/p>\n\n\n\n<p>&nbsp;&nbsp; XVI &#8211; prestar assessoramento \u00e0s organiza\u00e7\u00f5es n\u00e3o governamentais e comunit\u00e1rias quanto \u00e0s quest\u00f5es sociais;<\/p>\n\n\n\n<p>&nbsp;&nbsp; XVII &#8211; executar servi\u00e7os de orienta\u00e7\u00e3o, acompanhamento e avalia\u00e7\u00e3o das fam\u00edlias beneficiadas por programas de transfer\u00eancia de renda, institu\u00eddos por leis espec\u00edficas da Uni\u00e3o, do Estado e do Munic\u00edpio e\/ou resolu\u00e7\u00f5es emanadas dos respectivos Conselhos;<\/p>\n\n\n\n<p>&nbsp;&nbsp; XVIII &#8211; o desempenho de outras compet\u00eancias afins.<\/p>\n\n\n\n<p>Ficam vinculados a Secretaria Municipal de Assist\u00eancia Social, os seguintes Conselhos e\/ou Fundos Municipais:<\/p>\n\n\n\n<p>&nbsp;&nbsp; I &#8211; Conselho Municipal de Assist\u00eancia Social &#8211; CMAS;<\/p>\n\n\n\n<p>&nbsp;&nbsp; II &#8211; Fundo Municipal de Assist\u00eancia Social &#8211; FMAS;<\/p>\n\n\n\n<p>&nbsp;&nbsp; III &#8211; Conselho Municipal dos Direitos da Crian\u00e7a e do Adolescente &#8211; COMDICA;<\/p>\n\n\n\n<p>&nbsp;&nbsp; IV &#8211; Fundo Municipal dos Direitos da Crian\u00e7a e do Adolescente &#8211; FUMDICA;<\/p>\n\n\n\n<p>&nbsp;&nbsp; V &#8211; Conselho Tutelar &#8211; CT.<\/p>\n\n\n\n<p>A Secretaria Municipal de Assist\u00eancia Social ser\u00e1 dirigida por um Secret\u00e1rio e contar\u00e1 com pessoal t\u00e9cnico e administrativo necess\u00e1rio ao desempenho de suas fun\u00e7\u00f5es, compreendendo em sua estrutura as seguintes unidades:<\/p>\n\n\n\n<p>&nbsp;&nbsp; I &#8211; Departamento de Assist\u00eancia Social;<\/p>\n\n\n\n<p>&nbsp;&nbsp; II &#8211; Setor de Apoio e Acompanhamento de Programas Sociais.<\/p>\n\n\n\n<p>Se\u00e7\u00e3o I &#8211; Do Departamento de Assist\u00eancia Social<\/p>\n\n\n\n<p>O Departamento de Assist\u00eancia Social \u00e9 o \u00f3rg\u00e3o respons\u00e1vel pela organiza\u00e7\u00e3o e execu\u00e7\u00e3o de programas de desenvolvimento comunit\u00e1rio e social, de forma a garantir a universalidade do atendimento; desenvolvimento de programas de atendimento \u00e0 fam\u00edlia, \u00e0 terceira idade, aos dependentes qu\u00edmicos e demais segmentos necessitados; manuten\u00e7\u00e3o do cadastro atualizado das pessoas carentes residentes no Munic\u00edpio; atendimento, de acordo com as previs\u00f5es or\u00e7ament\u00e1rias e financeiras, da popula\u00e7\u00e3o carente, atrav\u00e9s dos programas de assist\u00eancia social; realiza\u00e7\u00e3o de estudos, projetos e pesquisas para a formula\u00e7\u00e3o de pol\u00edtica de promo\u00e7\u00e3o humana do Munic\u00edpio; desenvolvimento de projetos, programas e atendimento \u00e0s necessidades emergenciais do n\u00facleo familiar e aten\u00e7\u00e3o espec\u00edfica para crian\u00e7a e o adolescente, idoso e pessoas portadoras de necessidades especiais; estudos e proposi\u00e7\u00f5es com vistas \u00e0 crian\u00e7a e ao adolescente, com prioridade ao direito \u00e0 vida, \u00e0 sa\u00fade, \u00e0 alimenta\u00e7\u00e3o, \u00e0 educa\u00e7\u00e3o, ao lazer, \u00e0 profissionaliza\u00e7\u00e3o, \u00e0 cultura, \u00e0 dignidade, ao respeito \u00e0 liberdade e \u00e0 consci\u00eancia familiar e comunit\u00e1ria; estudo e proposi\u00e7\u00e3o de programas de preven\u00e7\u00e3o e atendimento especializado aos portadores de necessidade especial, bem como sua integra\u00e7\u00e3o social, mediante treinamento para o trabalho e a conviv\u00eancia, facilitando seu acesso aos bens e servi\u00e7os; estudos e proposi\u00e7\u00f5es visando a propiciar recursos educacionais e cient\u00edficos para o planejamento familiar; a execu\u00e7\u00e3o de outras compet\u00eancias afins.<\/p>\n","protected":false},"excerpt":{"rendered":"<p>Secretaria Municipal de Assist\u00eancia Social Secret\u00e1ria: Janice Loebens Endere\u00e7o: Rua Grapia n\u00ba 331 Bairro Centro \u2013Passa Sete- RS Hor\u00e1rio de Atendimento: \u202fSegunda a Sexta-feira \u2013 8h00min<span class=\"excerpt-hellip\"> [\u2026]<\/span><\/p>\n","protected":false},"author":3,"featured_media":0,"parent":0,"menu_order":0,"comment_status":"closed","ping_status":"closed","template":"","meta":{"footnotes":""},"class_list":["post-3757","page","type-page","status-publish","hentry"],"_links":{"self":[{"href":"http:\/\/passasete.rs.gov.br\/portal\/wp-json\/wp\/v2\/pages\/3757","targetHints":{"allow":["GET"]}}],"collection":[{"href":"http:\/\/passasete.rs.gov.br\/portal\/wp-json\/wp\/v2\/pages"}],"about":[{"href":"http:\/\/passasete.rs.gov.br\/portal\/wp-json\/wp\/v2\/types\/page"}],"author":[{"embeddable":true,"href":"http:\/\/passasete.rs.gov.br\/portal\/wp-json\/wp\/v2\/users\/3"}],"replies":[{"embeddable":true,"href":"http:\/\/passasete.rs.gov.br\/portal\/wp-json\/wp\/v2\/comments?post=3757"}],"version-history":[{"count":3,"href":"http:\/\/passasete.rs.gov.br\/portal\/wp-json\/wp\/v2\/pages\/3757\/revisions"}],"predecessor-version":[{"id":3810,"href":"http:\/\/passasete.rs.gov.br\/portal\/wp-json\/wp\/v2\/pages\/3757\/revisions\/3810"}],"wp:attachment":[{"href":"http:\/\/passasete.rs.gov.br\/portal\/wp-json\/wp\/v2\/media?parent=3757"}],"curies":[{"name":"wp","href":"https:\/\/api.w.org\/{rel}","templated":true}]}}