{"id":3760,"date":"2021-06-07T11:25:26","date_gmt":"2021-06-07T14:25:26","guid":{"rendered":"http:\/\/passasete.rs.gov.br\/portal\/?page_id=3760"},"modified":"2021-06-07T18:25:35","modified_gmt":"2021-06-07T21:25:35","slug":"secretaria-municipal-da-agricultura-meio-ambiente-e-desenvolvimento-economico","status":"publish","type":"page","link":"http:\/\/passasete.rs.gov.br\/portal\/secretaria-municipal-da-agricultura-meio-ambiente-e-desenvolvimento-economico\/","title":{"rendered":"Secretaria Municipal da Agricultura, Meio Ambiente e Desenvolvimento Econ\u00f4mico"},"content":{"rendered":"\n<div class=\"wp-block-image\"><figure class=\"alignleft size-large\"><img fetchpriority=\"high\" decoding=\"async\" width=\"278\" height=\"376\" src=\"http:\/\/passasete.rs.gov.br\/portal\/wp-content\/uploads\/2021\/06\/Secretaria-Municipal-da-Agricultura-Meio-Ambiente.jpg\" alt=\"\" class=\"wp-image-3761\" srcset=\"http:\/\/passasete.rs.gov.br\/portal\/wp-content\/uploads\/2021\/06\/Secretaria-Municipal-da-Agricultura-Meio-Ambiente.jpg 278w, http:\/\/passasete.rs.gov.br\/portal\/wp-content\/uploads\/2021\/06\/Secretaria-Municipal-da-Agricultura-Meio-Ambiente-222x300.jpg 222w, http:\/\/passasete.rs.gov.br\/portal\/wp-content\/uploads\/2021\/06\/Secretaria-Municipal-da-Agricultura-Meio-Ambiente-108x146.jpg 108w, http:\/\/passasete.rs.gov.br\/portal\/wp-content\/uploads\/2021\/06\/Secretaria-Municipal-da-Agricultura-Meio-Ambiente-37x50.jpg 37w, http:\/\/passasete.rs.gov.br\/portal\/wp-content\/uploads\/2021\/06\/Secretaria-Municipal-da-Agricultura-Meio-Ambiente-55x75.jpg 55w\" sizes=\"(max-width: 278px) 100vw, 278px\" \/><\/figure><\/div>\n\n\n\n<p>Secret\u00e1rio: Alo\u00edsio Bernardy<\/p>\n\n\n\n<p>Endere\u00e7o:&nbsp; Avenida Pinheiro ,n\u00ba 1500, Centro-Passa Sete-RS<\/p>\n\n\n\n<p>Contato: (51)99196180<\/p>\n\n\n\n<p>Telefone: (51) 3616 \u2013 6041- Ramal:28<\/p>\n\n\n\n<p>E-mail: agriculturapassa7@gmail.com<\/p>\n\n\n\n<p>Hor\u00e1rio de Atendimento: Segunda a Sexta-feira \u2013 8h00min \u00e0s 12h00min \u2013 13h00min \u00e0s 17h00min.<\/p>\n\n\n\n<p>A Secretaria Municipal de Agricultura, Meio Ambiente e Desenvolvimento Econ\u00f4mico \u00e9 o \u00f3rg\u00e3o da Prefeitura que tem por compet\u00eancia:<\/p>\n\n\n\n<p>&nbsp;&nbsp; I &#8211; planejar, formular e executar as pol\u00edticas de desenvolvimento do meio rural de forma sustent\u00e1vel;<\/p>\n\n\n\n<p>&nbsp;&nbsp; II &#8211; promover a articula\u00e7\u00e3o com \u00f3rg\u00e3os federais, estaduais e municipais, com vistas \u00e0 obten\u00e7\u00e3o de recursos para projetos e a\u00e7\u00f5es de melhoria das condi\u00e7\u00f5es de vida das popula\u00e7\u00f5es do meio rural, com especial direcionamento para o desenvolvimento da agricultura familiar e a integra\u00e7\u00e3o agroindustrial apropriada;<\/p>\n\n\n\n<p>&nbsp;&nbsp; III &#8211; orientar, coordenar e controlar a execu\u00e7\u00e3o da pol\u00edtica de desenvolvimento agropecu\u00e1rio no \u00e2mbito do Munic\u00edpio;<\/p>\n\n\n\n<p>&nbsp;&nbsp; IV &#8211; promover a realiza\u00e7\u00e3o de atividades relacionadas com o desenvolvimento agropecu\u00e1rio e comercial do Munic\u00edpio;<\/p>\n\n\n\n<p>&nbsp;&nbsp; V &#8211; delimitar e implantar \u00e1reas destinadas \u00e0 explora\u00e7\u00e3o hortifrutigranjeira, agropecu\u00e1ria e comercial de produtos, sem descaracterizar ou alterar o meio ambiente;<\/p>\n\n\n\n<p>&nbsp;&nbsp; VI &#8211; coordenar as atividades relativas \u00e0 orienta\u00e7\u00e3o da produ\u00e7\u00e3o prim\u00e1ria e ao abastecimento p\u00fablico;<\/p>\n\n\n\n<p>&nbsp;&nbsp; VII &#8211; licenciar e controlar o com\u00e9rcio transit\u00f3rio;<\/p>\n\n\n\n<p>&nbsp;&nbsp; VIII &#8211; promover interc\u00e2mbio e conv\u00eanios com entidades federais, estaduais, municipais e privadas relativas aos assuntos atinentes \u00e0s pol\u00edticas de desenvolvimento agropecu\u00e1rio;<\/p>\n\n\n\n<p>&nbsp;&nbsp; IX &#8211; incentivar a implanta\u00e7\u00e3o de novos empreendimentos, objetivando a expans\u00e3o da capacidade de absor\u00e7\u00e3o da m\u00e3o-de-obra local;<\/p>\n\n\n\n<p>&nbsp;&nbsp; X &#8211; prestar assessoramento ao Poder Executivo na formula\u00e7\u00e3o de pol\u00edtica municipal do meio ambiente;<\/p>\n\n\n\n<p>&nbsp;&nbsp; XI &#8211; o planejamento, prote\u00e7\u00e3o, conserva\u00e7\u00e3o, preserva\u00e7\u00e3o e recupera\u00e7\u00e3o e melhoria do meio ambiente;<\/p>\n\n\n\n<p>&nbsp;&nbsp; XII &#8211; o desenvolvimento de atividades concernentes \u00e0 implanta\u00e7\u00e3o do zoneamento ambiental e das atividades referentes ao licenciamento ambiental no Munic\u00edpio;<\/p>\n\n\n\n<p>&nbsp;&nbsp; XIII &#8211; efetuar o licenciamento ambiental, nos termos da legisla\u00e7\u00e3o competente;<\/p>\n\n\n\n<p>&nbsp;&nbsp; XIV &#8211; a implanta\u00e7\u00e3o e manuten\u00e7\u00e3o do cadastro de atividades econ\u00f4micas utilizadoras ou degradadoras de recursos ambientais, mediante a coleta e cataloga\u00e7\u00e3o de dados e informa\u00e7\u00f5es sobre as mesmas;<\/p>\n\n\n\n<p>&nbsp;&nbsp; XV &#8211; controle, monitoramento e avalia\u00e7\u00e3o dos recursos naturais do Munic\u00edpio, visando \u00e0 prote\u00e7\u00e3o, \u00e0 preserva\u00e7\u00e3o e \u00e0 conserva\u00e7\u00e3o de \u00e1reas de interesse ecol\u00f3gico, assim como a recupera\u00e7\u00e3o de \u00e1reas degradadas;<\/p>\n\n\n\n<p>&nbsp;&nbsp; XVI &#8211; o monitoramento e a fiscaliza\u00e7\u00e3o ambiental de todas as atividades potencialmente poluidoras que usufruam de recursos naturais no \u00e2mbito do Munic\u00edpio;<\/p>\n\n\n\n<p>&nbsp;&nbsp; XVII &#8211; apoio ao estabelecimento de padr\u00f5es de efluentes industriais e \u00e0s normas para transporte, disposi\u00e7\u00e3o e destino final de qualquer res\u00edduo resultante de atividades industriais e comerciais pass\u00edveis de degrada\u00e7\u00e3o ambiental;<\/p>\n\n\n\n<p>&nbsp;&nbsp; XVIII &#8211; o estudo e a proposi\u00e7\u00e3o das diretrizes municipais, normas e padr\u00f5es relativos a preserva\u00e7\u00e3o e conserva\u00e7\u00e3o de recursos naturais e paisag\u00edsticos do Munic\u00edpio;<\/p>\n\n\n\n<p>&nbsp;&nbsp; XIX &#8211; a avalia\u00e7\u00e3o do impacto da implanta\u00e7\u00e3o de projetos p\u00fablicos municipais, estaduais ou federais, ou privados, sobre os demais recursos ambientais do Munic\u00edpio;<\/p>\n\n\n\n<p>&nbsp;&nbsp; XX &#8211; a organiza\u00e7\u00e3o das informa\u00e7\u00f5es sobre a polui\u00e7\u00e3o e contamina\u00e7\u00e3o do Munic\u00edpio e a indica\u00e7\u00e3o dos procedimentos e fiscaliza\u00e7\u00e3o pertinentes, em \u00e2mbito municipal;<\/p>\n\n\n\n<p>&nbsp;&nbsp; XXI &#8211; a pesquisa das caracter\u00edsticas do meio ambiente do Munic\u00edpio, das suas potencialidades e limita\u00e7\u00f5es e das formas racionais de sua explora\u00e7\u00e3o;<\/p>\n\n\n\n<p>&nbsp;&nbsp; XXII &#8211; o controle e fiscaliza\u00e7\u00e3o de podas no Munic\u00edpio e a execu\u00e7\u00e3o de planos de arboriza\u00e7\u00e3o e ajardinamento de vias e logradouros p\u00fablicos, em articula\u00e7\u00e3o com a Secretaria Municipal Obras, Servi\u00e7os P\u00fablicos, Tr\u00e2nsito e Habita\u00e7\u00e3o;<\/p>\n\n\n\n<p>&nbsp;&nbsp; XXIII &#8211; a promo\u00e7\u00e3o da educa\u00e7\u00e3o ambiental e a forma\u00e7\u00e3o de consci\u00eancia sobre a conserva\u00e7\u00e3o e a valoriza\u00e7\u00e3o da natureza como condi\u00e7\u00e3o para melhoria da qualidade de vida, em articula\u00e7\u00e3o com a Secretaria Municipal de Educa\u00e7\u00e3o, Cultura, Turismo, Desporto e Lazer;<\/p>\n\n\n\n<p>&nbsp;&nbsp; XXIV &#8211; promover, organizar e fomentar todas as atividades industriais, comerciais e de servi\u00e7os do Munic\u00edpio;<\/p>\n\n\n\n<p>&nbsp;&nbsp; XXV &#8211; atrair novos investimentos industriais, atrav\u00e9s da cria\u00e7\u00e3o e manuten\u00e7\u00e3o de distritos industriais;<\/p>\n\n\n\n<p>&nbsp;&nbsp; XXVI &#8211; estabelecer pol\u00edticas p\u00fablicas de desburocratiza\u00e7\u00e3o para o licenciamento de atividades industriais e comerciais a serem instaladas no Munic\u00edpio, assim como a cria\u00e7\u00e3o e acompanhamento de linhas de cr\u00e9dito endere\u00e7adas ao financiamento de novos investimentos;<\/p>\n\n\n\n<p>&nbsp;&nbsp; XXVII &#8211; analisar os tipos de produtos produzidos e comercializados pela ind\u00fastria e com\u00e9rcio locais, fomentando a cria\u00e7\u00e3o de uma linha produtiva que impe\u00e7a a evas\u00e3o de riquezas;<\/p>\n\n\n\n<p>&nbsp;&nbsp; XXVIII &#8211; promover e participar de exposi\u00e7\u00f5es, feiras, semin\u00e1rios, cursos e congressos, relacionados \u00e0 ind\u00fastria e ao com\u00e9rcio;<\/p>\n\n\n\n<p>&nbsp;&nbsp; XXIX &#8211; buscar recursos dos or\u00e7amentos estadual e federal, assim como em institui\u00e7\u00f5es de cr\u00e9dito, p\u00fablicas ou privadas, para investimentos na \u00e1rea industrial do Munic\u00edpio;<\/p>\n\n\n\n<p>&nbsp;&nbsp; XXX &#8211; licenciar e controlar o com\u00e9rcio transit\u00f3rio, a origem dos produtos estrangeiros comercializados no Munic\u00edpio, fiscalizando o cumprimento das disposi\u00e7\u00f5es de natureza legal, no que diz respeito a sua \u00e1rea de compet\u00eancia;<\/p>\n\n\n\n<p>&nbsp;&nbsp; XXXI &#8211; desenvolver regime de colabora\u00e7\u00e3o e parceria entre o Poder P\u00fablico Municipal e as entidades empresariais do Munic\u00edpio;<\/p>\n\n\n\n<p>&nbsp;&nbsp; XXXII &#8211; promover, organizar e fomentar todas as atividades relativas \u00e0 produ\u00e7\u00e3o prim\u00e1ria e do abastecimento p\u00fablico, bem como as atividades vinculadas \u00e0s empresas de presta\u00e7\u00e3o de servi\u00e7os;<\/p>\n\n\n\n<p>&nbsp;&nbsp; XXXIII &#8211; propor e discutir, com entidades prestadoras de servi\u00e7os, pol\u00edticas municipais de efic\u00e1cia e qualifica\u00e7\u00e3o para o setor;<\/p>\n\n\n\n<p>&nbsp;&nbsp; XXXIV &#8211; buscar recursos dos or\u00e7amentos estadual e federal, assim como em institui\u00e7\u00f5es de cr\u00e9dito, p\u00fablicas ou privadas, para investimentos na \u00e1rea de produ\u00e7\u00e3o do Munic\u00edpio;<\/p>\n\n\n\n<p>&nbsp; &nbsp;XXXV &#8211; fiscalizar o cumprimento das disposi\u00e7\u00f5es de natureza legal, no que diz respeito a sua \u00e1rea de compet\u00eancia;<\/p>\n\n\n\n<p>&nbsp;&nbsp; XXXVI &#8211; o desempenho de outras compet\u00eancias afins.<\/p>\n\n\n\n<p>Ficam vinculados a Secretaria Municipal de Agricultura, Meio Ambiente e Desenvolvimento Econ\u00f4mico, os seguintes Conselhos e\/ou Fundos Municipais:<\/p>\n\n\n\n<p>&nbsp;&nbsp; I &#8211; Conselho Municipal de Desenvolvimento Rural &#8211; COMDER;<\/p>\n\n\n\n<p>&nbsp;&nbsp; II &#8211; Fundo Municipal de Desenvolvimento Rural &#8211; FUNDER;<\/p>\n\n\n\n<p>&nbsp;&nbsp; III &#8211; Conselho Municipal de Defesa do Meio Ambiente &#8211; COMDEMA;<\/p>\n\n\n\n<p>&nbsp;&nbsp; IV &#8211; Fundo Municipal de Defesa do Meio Ambiente &#8211; FUNDEMA;<\/p>\n\n\n\n<p>&nbsp;&nbsp; V &#8211; Conselho Municipal de Desenvolvimento &#8211; COMUDE;<\/p>\n\n\n\n<p>&nbsp;&nbsp; VI &#8211; Conselho Municipal de Desenvolvimento Econ\u00f4mico e Social &#8211; COMDES.<\/p>\n\n\n\n<p>. A Secretaria Municipal de Agricultura, Meio Ambiente e Desenvolvimento Econ\u00f4mico ser\u00e1 dirigida por um Secret\u00e1rio e contar\u00e1 com pessoal t\u00e9cnico e administrativo necess\u00e1rio ao desempenho de suas fun\u00e7\u00f5es, compreendendo em sua estrutura as seguintes unidades:<\/p>\n\n\n\n<p>&nbsp;&nbsp; I &#8211; Departamento de Meio Ambiente;<\/p>\n\n\n\n<p>&nbsp;&nbsp; II &#8211; Setor de Apoio Agropecu\u00e1rio;<\/p>\n\n\n\n<p>&nbsp;&nbsp; III &#8211; Setor de Desenvolvimento Econ\u00f4mico.<\/p>\n\n\n\n<p><\/p>\n\n\n\n<p><\/p>\n","protected":false},"excerpt":{"rendered":"<p>Secret\u00e1rio: Alo\u00edsio Bernardy Endere\u00e7o:&nbsp; Avenida Pinheiro ,n\u00ba 1500, Centro-Passa Sete-RS Contato: (51)99196180 Telefone: (51) 3616 \u2013 6041- Ramal:28 E-mail: agriculturapassa7@gmail.com Hor\u00e1rio de Atendimento: Segunda a Sexta-feira<span class=\"excerpt-hellip\"> [\u2026]<\/span><\/p>\n","protected":false},"author":3,"featured_media":0,"parent":0,"menu_order":0,"comment_status":"closed","ping_status":"closed","template":"","meta":{"footnotes":""},"class_list":["post-3760","page","type-page","status-publish","hentry"],"_links":{"self":[{"href":"http:\/\/passasete.rs.gov.br\/portal\/wp-json\/wp\/v2\/pages\/3760","targetHints":{"allow":["GET"]}}],"collection":[{"href":"http:\/\/passasete.rs.gov.br\/portal\/wp-json\/wp\/v2\/pages"}],"about":[{"href":"http:\/\/passasete.rs.gov.br\/portal\/wp-json\/wp\/v2\/types\/page"}],"author":[{"embeddable":true,"href":"http:\/\/passasete.rs.gov.br\/portal\/wp-json\/wp\/v2\/users\/3"}],"replies":[{"embeddable":true,"href":"http:\/\/passasete.rs.gov.br\/portal\/wp-json\/wp\/v2\/comments?post=3760"}],"version-history":[{"count":2,"href":"http:\/\/passasete.rs.gov.br\/portal\/wp-json\/wp\/v2\/pages\/3760\/revisions"}],"predecessor-version":[{"id":3808,"href":"http:\/\/passasete.rs.gov.br\/portal\/wp-json\/wp\/v2\/pages\/3760\/revisions\/3808"}],"wp:attachment":[{"href":"http:\/\/passasete.rs.gov.br\/portal\/wp-json\/wp\/v2\/media?parent=3760"}],"curies":[{"name":"wp","href":"https:\/\/api.w.org\/{rel}","templated":true}]}}