{"id":3766,"date":"2021-06-07T11:28:50","date_gmt":"2021-06-07T14:28:50","guid":{"rendered":"http:\/\/passasete.rs.gov.br\/portal\/?page_id=3766"},"modified":"2024-10-04T08:57:34","modified_gmt":"2024-10-04T11:57:34","slug":"secretaria-municipal-da-educacao-cultura-turismo-e-desporto-e-lazer","status":"publish","type":"page","link":"http:\/\/passasete.rs.gov.br\/portal\/secretaria-municipal-da-educacao-cultura-turismo-e-desporto-e-lazer\/","title":{"rendered":"Secretaria Municipal da Educa\u00e7\u00e3o, Cultura, Turismo e Desporto e Lazer."},"content":{"rendered":"\t\t<div data-elementor-type=\"wp-page\" data-elementor-id=\"3766\" class=\"elementor elementor-3766\" data-elementor-post-type=\"page\">\n\t\t\t\t\t\t<section class=\"elementor-section elementor-top-section elementor-element elementor-element-30a451bf elementor-section-boxed elementor-section-height-default elementor-section-height-default\" data-id=\"30a451bf\" data-element_type=\"section\">\n\t\t\t\t\t\t<div class=\"elementor-container elementor-column-gap-default\">\n\t\t\t\t\t<div class=\"elementor-column elementor-col-100 elementor-top-column elementor-element elementor-element-4661d637\" data-id=\"4661d637\" data-element_type=\"column\">\n\t\t\t<div class=\"elementor-widget-wrap elementor-element-populated\">\n\t\t\t\t\t\t<div class=\"elementor-element elementor-element-77872815 elementor-widget elementor-widget-text-editor\" data-id=\"77872815\" data-element_type=\"widget\" data-widget_type=\"text-editor.default\">\n\t\t\t\t\t\t\t\t\t<p><\/p>\n<div>\n<figure><img decoding=\"async\" src=\"http:\/\/passasete.rs.gov.br\/portal\/wp-content\/uploads\/2021\/06\/Secretaria-Municipal-da-Educa\u00e7\u00e3o-Cultura-Turismo-e-Desporto-e-Lazer..jpg\" alt=\"\" \/><\/figure>\n<\/div>\n<p><\/p>\n<p><\/p>\n<p>Secret\u00e1ria: Sin\u00e9ia Donisete Bellini Rech<\/p>\n<p><\/p>\n<p><\/p>\n<p>\u00a0\u00a0\u00a0\u00a0\u00a0\u00a0\u00a0 Endere\u00e7o: Centro Administrativo Municipal &#8211; Avenida Pinheiro , n\u00ba 1500, Centro-Passa Sete-RS<\/p>\n<p><\/p>\n<p><\/p>\n<p>Hor\u00e1rio de Atendimento:\u00a0 Segunda a Sexta-feira \u2013 8h00min \u00e0s 12h00min \u2013 13h00min \u00e0s 17h00min.<\/p>\n<p><\/p>\n<p><\/p>\n<p>Telefone: (51) 3616-6041-Ramal: 23<\/p>\n<p><\/p>\n<p><\/p>\n<p>Secret\u00e1ria: Sin\u00e9ia Donisete Bellini Rech<\/p>\n<p><\/p>\n<p><\/p>\n<p>\u00a0\u00a0\u00a0\u00a0\u00a0\u00a0\u00a0 Endere\u00e7o: Centro Administrativo Municipal &#8211; Avenida Pinheiro , n\u00ba 1500, Centro-Passa Sete-RS<\/p>\n<p><\/p>\n<p><\/p>\n<p>Hor\u00e1rio de Atendimento:\u00a0 Segunda a Sexta-feira \u2013 8h00min \u00e0s 12h00min \u2013 13h00min \u00e0s 17h00min.<\/p>\n<p><\/p>\n<p><\/p>\n<p>Telefone: (51) 3616-6041-Ramal: 23<\/p>\n<p><\/p>\n<p><\/p>\n<p>E-mail: <a href=\"mailto:smecp7@gmail.com\">smecp7@gmail.com<\/a><\/p>\n<p><\/p>\n<p><\/p>\n<p>A Secretaria Municipal de Educa\u00e7\u00e3o, Cultura, Turismo, Desporto e Lazer \u00e9 o \u00f3rg\u00e3o da Prefeitura que tem por compet\u00eancia:<br \/>\u00a0\u00a0\u00a0<strong>I &#8211;<\/strong> a proposi\u00e7\u00e3o, a organiza\u00e7\u00e3o, manuten\u00e7\u00e3o e desenvolvimento da pol\u00edtica educacional do Munic\u00edpio, integrando-a aos planos e programas educacionais da Uni\u00e3o e do Estado;<br \/>\u00a0\u00a0\u00a0<strong>II &#8211;<\/strong> a instala\u00e7\u00e3o, a manuten\u00e7\u00e3o e a administra\u00e7\u00e3o das unidades de ensino a cargo do Munic\u00edpio, assim como a orienta\u00e7\u00e3o t\u00e9cnico-pedag\u00f3gica;<br \/>\u00a0\u00a0\u00a0<strong>III &#8211;<\/strong> a fixa\u00e7\u00e3o de normas para a organiza\u00e7\u00e3o escolar, did\u00e1tica e disciplinar das unidades de ensino, de acordo com a legisla\u00e7\u00e3o em vigor;<br \/>\u00a0\u00a0\u00a0<strong>IV &#8211;<\/strong> a administra\u00e7\u00e3o da assist\u00eancia ao educando no que respeita a alimenta\u00e7\u00e3o escolar, material did\u00e1tico, transporte e outros aspectos, em articula\u00e7\u00e3o com entidades federais e estaduais competentes;<br \/>\u00a0\u00a0\u00a0<strong>V &#8211;<\/strong> o desenvolvimento de programas de orienta\u00e7\u00e3o pedag\u00f3gica e de aperfei\u00e7oamento de professores, auxiliares de ensino e demais servidores relacionados \u00e0 \u00e1rea, visando ao aprimoramento da qualidade do ensino;<br \/>\u00a0\u00a0\u00a0<strong>VI &#8211;<\/strong> efetuar o estudo e a implementa\u00e7\u00e3o de programas voltados ao desenvolvimento cultural dos alunos, mediante a inclus\u00e3o de disciplinas relacionadas \u00e0s artes, \u00e0 m\u00fasica, e aos usos e costumes dos diferentes grupos \u00e9tnicos brasileiros;<br \/>\u00a0\u00a0\u00a0<strong>VII &#8211;<\/strong> exercer a\u00e7\u00e3o redistributiva em rela\u00e7\u00e3o \u00e0s escolas municipais;<br \/>\u00a0\u00a0\u00a0<strong>VIII &#8211;<\/strong> baixar normas complementares para o sistema municipal de ensino;<br \/>\u00a0\u00a0\u00a0<strong>IX &#8211;<\/strong> autorizar, credenciar e supervisionar os estabelecimentos do sistema municipal de ensino;<br \/>\u00a0\u00a0\u00a0<strong>X &#8211;<\/strong> oferecer a educa\u00e7\u00e3o infantil em creches e pr\u00e9-escolas para crian\u00e7as de at\u00e9 05 (cinco) anos, e com prioridade o ensino fundamental, observando o que determina a <a href=\"http:\/\/www.planalto.gov.br\/ccivil_03\/leis\/l9394.htm\">Lei de Diretrizes e Bases da Educa\u00e7\u00e3o Nacional (Lei Federal n\u00ba 9.394-1996)<\/a>;<br \/>\u00a0\u00a0\u00a0<strong>XI &#8211;<\/strong> matricular todos os educandos a partir de 06 (seis) anos de idade no ensino fundamental;<br \/>\u00a0\u00a0\u00a0<strong>XII &#8211;<\/strong> ofertar a educa\u00e7\u00e3o escolar regular para jovens e adultos com caracter\u00edsticas e modalidades adequadas \u00e0s suas necessidades e disponibilidades;<br \/>\u00a0\u00a0\u00a0<strong>XIII &#8211;<\/strong> integrar os estabelecimentos de ensino fundamental do seu territ\u00f3rio ao sistema nacional de avalia\u00e7\u00e3o do rendimento escolar;<br \/>\u00a0\u00a0\u00a0<strong>XIV &#8211;<\/strong> estabelecer mecanismos para progress\u00e3o da sua rede p\u00fablica do ensino fundamental;<br \/>\u00a0\u00a0\u00a0<strong>XV &#8211;<\/strong> estabelecer mecanismos para avaliar a qualidade do processo educativo desenvolvido pelas escolas p\u00fablicas municipais e da iniciativa privada;<br \/>\u00a0\u00a0\u00a0<strong>XVI &#8211;<\/strong> administrar seu pessoal e seus recursos materiais e financeiros;<br \/>\u00a0\u00a0\u00a0<strong>XVII &#8211;<\/strong> zelar pela observ\u00e2ncia da legisla\u00e7\u00e3o referente \u00e0 educa\u00e7\u00e3o e pelo cumprimento das decis\u00f5es do Conselho Municipal de Educa\u00e7\u00e3o nas institui\u00e7\u00f5es sob sua responsabilidade;<br \/>\u00a0\u00a0\u00a0<strong>XVIII &#8211;<\/strong> aprovar regimentos e planos de estudos das institui\u00e7\u00f5es de ensino sob sua responsabilidade;<br \/>\u00a0\u00a0\u00a0<strong>XIX &#8211;<\/strong> submeter \u00e0 aprecia\u00e7\u00e3o do Conselho Municipal de Educa\u00e7\u00e3o os planos elaborados;<br \/>\u00a0\u00a0\u00a0<strong>XX &#8211;<\/strong> planejar e coordenar programas, projetos e atividades que visem ao desenvolvimento cultural;<br \/>\u00a0\u00a0\u00a0<strong>XXI &#8211;<\/strong> dirigir a execu\u00e7\u00e3o de projetos, programas e atividades de a\u00e7\u00e3o cultural do Munic\u00edpio;<br \/>\u00a0\u00a0\u00a0<strong>XXII &#8211;<\/strong> planejar e coordenar as atividades de casas de espet\u00e1culos, museus, bibliotecas, arquivos, centros culturais e outras atividades culturais de responsabilidade do Munic\u00edpio;<br \/>\u00a0\u00a0\u00a0<strong>XXIII &#8211;<\/strong> promover, conjuntamente com \u00f3rg\u00e3os municipais ou regionais, manifesta\u00e7\u00f5es culturais organizadas pelas etnias locais ou de interesse destas;<br \/>\u00a0\u00a0\u00a0<strong>XXIV &#8211;<\/strong> implantar a pol\u00edtica municipal de bibliotecas, museus e arquivos, mediante o recolhimento e cataloga\u00e7\u00e3o de documentos, objetos de arte, m\u00fasica, folclore, artesanato, e outros de significado hist\u00f3rico local, recebidos pela administra\u00e7\u00e3o municipal, bem como estabelecer normas, gerir, conservar e organizar arquivos e museus p\u00fablicos municipais, de modo a facilitar o acesso ao p\u00fablico interessado;<br \/>\u00a0\u00a0\u00a0<strong>XXV &#8211;<\/strong> articular-se com entidades p\u00fablicas ou privadas, visando a aprimorar os recursos t\u00e9cnicos e operacionais;<br \/>\u00a0\u00a0\u00a0<strong>XXVI &#8211;<\/strong> organizar e definir par\u00e2metros para elabora\u00e7\u00e3o dos planos, regimento e calend\u00e1rio escolar, hist\u00f3ricos, boletins, projetos pedag\u00f3gicos, estrutura curricular e outros documentos pertinentes;<br \/>\u00a0\u00a0\u00a0<strong>XXVII &#8211;<\/strong> definir as diretrizes para formula\u00e7\u00e3o das pol\u00edticas p\u00fablicas de ensino municipal; definir metas de trabalho; propor estudos e levantamentos relativos ao sistema de ensino;<br \/>\u00a0\u00a0\u00a0<strong>XXVIII &#8211;<\/strong> organizar e difundir programas anuais de festas e divers\u00f5es p\u00fablicas que tenham interesse tur\u00edstico;<br \/>\u00a0\u00a0\u00a0<strong>XXIX &#8211;<\/strong> analisar e propor pol\u00edticas de a\u00e7\u00e3o visando a valorizar os aspectos de interesse tur\u00edstico do Munic\u00edpio;<br \/>\u00a0\u00a0\u00a0<strong>XXX &#8211;<\/strong> organizar e difundir informa\u00e7\u00f5es \u00fateis sobre o Munic\u00edpio, para a popula\u00e7\u00e3o e visitantes;<br \/>\u00a0\u00a0\u00a0<strong>XXXI &#8211;<\/strong> apoiar e manter articula\u00e7\u00e3o com o empresariado e entidades locais para a promo\u00e7\u00e3o de feiras, congressos e eventos no Munic\u00edpio;<br \/>\u00a0\u00a0\u00a0<strong>XXXII &#8211;<\/strong> manter servi\u00e7os de informa\u00e7\u00f5es tur\u00edsticas no Munic\u00edpio e fora dele;<br \/>\u00a0\u00a0\u00a0<strong>XXXIII &#8211;<\/strong> estudar e propor planos de est\u00edmulo ao desenvolvimento de atividades de interesse tur\u00edstico;<br \/>\u00a0\u00a0\u00a0<strong>XXXIV &#8211;<\/strong> planejar e coordenar programas e planos de esportes, recrea\u00e7\u00e3o e lazer dirigidos \u00e0s v\u00e1rias faixas et\u00e1rias;<br \/>\u00a0\u00a0\u00a0<strong>XXXV &#8211;<\/strong> programar eventos desportivos de car\u00e1ter popular;<br \/>\u00a0\u00a0\u00a0<strong>XXXVI &#8211;<\/strong> desenvolver, promover, divulgar e controlar as atividades esportivas e de lazer do Munic\u00edpio, estimulando o h\u00e1bito de esporte nas comunidades;<br \/>\u00a0\u00a0\u00a0<strong>XXXVII &#8211;<\/strong> desempenhar outras compet\u00eancias afins.<\/p>\n<p>Ficam vinculados a Secretaria Municipal de Educa\u00e7\u00e3o, Cultura, Turismo, Desporto e Lazer, os seguintes Conselhos e\/ou Fundos Municipais:<br \/>\u00a0\u00a0\u00a0<strong>I &#8211;<\/strong> Conselho Municipal de Educa\u00e7\u00e3o &#8211; CME;<br \/>\u00a0\u00a0\u00a0<strong>II &#8211;<\/strong> Conselho Municipal de Alimenta\u00e7\u00e3o Escolar &#8211; CAE;<br \/>\u00a0\u00a0\u00a0<strong>III &#8211;<\/strong> Conselho Municipal de Acompanhamento e Controle Social do Fundo de Manuten\u00e7\u00e3o e Desenvolvimento da Educa\u00e7\u00e3o B\u00e1sica e de Valoriza\u00e7\u00e3o dos Profissionais da Educa\u00e7\u00e3o &#8211; Conselho do FUNDEB;<br \/>\u00a0\u00a0\u00a0<strong>IV &#8211;<\/strong> Conselho Municipal de Pol\u00edticas Culturais &#8211; CMPC;<br \/>\u00a0\u00a0\u00a0<strong>V &#8211;<\/strong> Fundo Municipal de Cultura &#8211; FMC;<br \/>\u00a0\u00a0\u00a0<strong>VI &#8211;<\/strong> Conselho Municipal de Desportos &#8211; CMD.<\/p>\n<p>A Secretaria Municipal de Educa\u00e7\u00e3o, Cultura, Turismo, Desporto e Lazer ser\u00e1 dirigida por um Secret\u00e1rio e contar\u00e1 com o pessoal t\u00e9cnico e administrativo necess\u00e1rio ao desempenho de suas fun\u00e7\u00f5es, compreendendo em sua estrutura as seguintes unidades:<br \/>\u00a0\u00a0\u00a0<strong>I &#8211;<\/strong> Departamento de Educa\u00e7\u00e3o;<br \/>\u00a0\u00a0\u00a0<strong>II &#8211;<\/strong> Departamento de Cultura, Turismo, Esporte e Lazer;<br \/>\u00a0\u00a0\u00a0<strong>III &#8211;<\/strong> Setor de Apoio Pedag\u00f3gico;<br \/>\u00a0\u00a0\u00a0<strong>IV &#8211;<\/strong> Setor de Supervis\u00e3o e Orienta\u00e7\u00e3o Educacional;<br \/>\u00a0\u00a0\u00a0<strong>V &#8211;<\/strong> Setor de Transporte Escolar;<br \/>\u00a0\u00a0\u00a0<strong>VI &#8211;<\/strong> Se\u00e7\u00e3o de Limpeza e Manuten\u00e7\u00e3o de Escolas.<\/p>\n<p><\/p>\n<p><\/p>\n<p><strong>Escolas da Rede Municipal de Ensino:<\/strong><\/p>\n<p><\/p>\n<p><\/p>\n<p><strong>Escola Municipal de Educa\u00e7\u00e3o Infantil Doce Inf\u00e2ncia<\/strong><\/p>\n<p><\/p>\n<p><\/p>\n<p>Diretora: Geila Isabel de Moraes<\/p>\n<p><\/p>\n<p><\/p>\n<p>Rua Gr\u00e1pia\u00a0 n\u00ba 62<\/p>\n<p><\/p>\n<p><\/p>\n<p>Passa Sete \u2013 RS<\/p>\n<p><\/p>\n<p><\/p>\n<p>Fone: 51 996867946<\/p>\n<p><\/p>\n<p><\/p>\n<p>Hor\u00e1rio de atendimento: 8h30 \u00e0s 16h30<\/p>\n<p><\/p>\n<p><\/p>\n<p><strong>Escola Municipal de Ensino Fundamental Carmen Lisboa Trindade<\/strong><\/p>\n<p><\/p>\n<p><\/p>\n<p>Diretora: Marieli Seibert Cremonese<\/p>\n<p><\/p>\n<p><\/p>\n<p>Localidade: Murta<\/p>\n<p><\/p>\n<p><\/p>\n<p>Passa Sete \u2013 RS<\/p>\n<p><\/p>\n<p><\/p>\n<p>Fone: 51 3616 \u2013 6105<\/p>\n<p><\/p>\n<p><\/p>\n<p>Hor\u00e1rio de atendimento: 8h30 \u00e0s 16h30<\/p>\n<p><\/p>\n<p><\/p>\n<p><strong>Escola Municipal de Ensino Fundamental Jos\u00e9 Rech<\/strong><\/p>\n<p><\/p>\n<p><\/p>\n<p>Diretora: Saionara Carlotto da Silva<\/p>\n<p><\/p>\n<p><\/p>\n<p>Localidade: Pitingal<\/p>\n<p><\/p>\n<p><\/p>\n<p>Passa Sete \u2013 RS<\/p>\n<p><\/p>\n<p><\/p>\n<p>Fone: 51 998949960<\/p>\n<p><\/p>\n<p><\/p>\n<p>Hor\u00e1rio de atendimento: 8h30 \u00e0s 16h30<\/p>\n<p><\/p>\n<p><\/p>\n<figure><img decoding=\"async\" src=\"http:\/\/passasete.rs.gov.br\/portal\/wp-content\/uploads\/2021\/06\/Jos\u00e9-Rech.jpg\" alt=\"\" \/><\/figure>\n<p><\/p>\n<p><\/p>\n<p><strong>Escola Municipal de Ensino Fundamental Ricardo Antunes Melchior<\/strong><\/p>\n<p><\/p>\n<p><\/p>\n<p>Diretora: \u00c2ngela Maria Furlan Blank<\/p>\n<p><\/p>\n<p><\/p>\n<p>Localidade: Serra Velha<\/p>\n<p><\/p>\n<p><\/p>\n<p>Passa Sete \u2013 RS<\/p>\n<p><\/p>\n<p><\/p>\n<p>Fone: 51 995218083<\/p>\n<p><\/p>\n<p><\/p>\n<p>Hor\u00e1rio de atendimento: 8h30 \u00e0s 16h30<\/p>\n<p><\/p>\n<p><\/p>\n<figure><img decoding=\"async\" src=\"http:\/\/passasete.rs.gov.br\/portal\/wp-content\/uploads\/2021\/06\/Ricardo-Antunes-Melchior-1024x576.jpg\" alt=\"\" \/><\/figure>\n<p><\/p>\n<p><p><\/p>\n<div class=\"sdm_download_item \">\n<div class=\"sdm_download_item_top\">\n<div class=\"sdm_download_thumbnail\"><\/div>\n<div class=\"sdm_download_title\">Plano Municipal de Educa\u00e7\u00e3o<\/div>\n<\/div>\n<div style=\"clear:both;\"><\/div>\n<div class=\"sdm_download_description\"><\/div>\n<div class=\"sdm_download_link\"><span class=\"sdm_download_button\"><a href=\"http:\/\/passasete.rs.gov.br\/portal\/?sdm_process_download=1&#038;download_id=4741\" class=\"sdm_download grey\" title=\"Plano Municipal de Educa\u00e7\u00e3o\" target=\"_self\">Baixar agora!<\/a><\/span><span class=\"sdm_download_item_count\"><span class=\"sdm_item_count_number\">623<\/span><span class=\"sdm_item_count_string\"> Downloads<\/span><\/span><\/div>\n<\/div>\n<div class=\"sdm_clear_float\"><\/div>\n<div class=\"sdm_pagination\"><\/div>\n<\/p>\n<p>\u00a0<\/p>\n<h1>\u00a0<\/h1>\n<h1>Cultura<\/h1>\n<div><span style=\"font-family: Roboto, sans-serif; font-size: 13px; font-style: normal; font-variant-ligatures: normal; font-variant-caps: normal; font-weight: 400;\"><\/p>\n<div class=\"sdm_download_item \">\n<div class=\"sdm_download_item_top\">\n<div class=\"sdm_download_thumbnail\"><\/div>\n<div class=\"sdm_download_title\">Ata 01\/2025 do Conselho da Cultura<\/div>\n<\/div>\n<div style=\"clear:both;\"><\/div>\n<div class=\"sdm_download_description\"><\/div>\n<div class=\"sdm_download_link\"><span class=\"sdm_download_button\"><a href=\"http:\/\/passasete.rs.gov.br\/portal\/?sdm_process_download=1&#038;download_id=8270\" class=\"sdm_download grey\" title=\"Ata 01\/2025 do Conselho da Cultura\" target=\"_self\">Baixar agora!<\/a><\/span><span class=\"sdm_download_item_count\"><span class=\"sdm_item_count_number\">171<\/span><span class=\"sdm_item_count_string\"> Downloads<\/span><\/span><\/div>\n<\/div>\n<div class=\"sdm_download_item \">\n<div class=\"sdm_download_item_top\">\n<div class=\"sdm_download_thumbnail\"><\/div>\n<div class=\"sdm_download_title\">Portaria do Conselho da Cultura<\/div>\n<\/div>\n<div style=\"clear:both;\"><\/div>\n<div class=\"sdm_download_description\"><\/div>\n<div class=\"sdm_download_link\"><span class=\"sdm_download_button\"><a href=\"http:\/\/passasete.rs.gov.br\/portal\/?sdm_process_download=1&#038;download_id=7266\" class=\"sdm_download grey\" title=\"Portaria do Conselho da Cultura\" target=\"_self\">Baixar agora!<\/a><\/span><span class=\"sdm_download_item_count\"><span class=\"sdm_item_count_number\">368<\/span><span class=\"sdm_item_count_string\"> Downloads<\/span><\/span><\/div>\n<\/div>\n<div class=\"sdm_download_item \">\n<div class=\"sdm_download_item_top\">\n<div class=\"sdm_download_thumbnail\"><\/div>\n<div class=\"sdm_download_title\">Ata 02\/2024 do Conselho da Cultura<\/div>\n<\/div>\n<div style=\"clear:both;\"><\/div>\n<div class=\"sdm_download_description\"><\/div>\n<div class=\"sdm_download_link\"><span class=\"sdm_download_button\"><a href=\"http:\/\/passasete.rs.gov.br\/portal\/?sdm_process_download=1&#038;download_id=7263\" class=\"sdm_download grey\" title=\"Ata 02\/2024 do Conselho da Cultura\" target=\"_self\">Baixar agora!<\/a><\/span><span class=\"sdm_download_item_count\"><span class=\"sdm_item_count_number\">348<\/span><span class=\"sdm_item_count_string\"> Downloads<\/span><\/span><\/div>\n<\/div>\n<div class=\"sdm_clear_float\"><\/div>\n<div class=\"sdm_pagination\"><\/div>\n<p><\/span><\/div>\n<p>\n<\/p>\t\t\t\t\t\t\t\t<\/div>\n\t\t\t\t\t<\/div>\n\t\t<\/div>\n\t\t\t\t\t<\/div>\n\t\t<\/section>\n\t\t\t\t<\/div>\n\t\t","protected":false},"excerpt":{"rendered":"<p>Secret\u00e1ria: Sin\u00e9ia Donisete Bellini Rech \u00a0\u00a0\u00a0\u00a0\u00a0\u00a0\u00a0 Endere\u00e7o: Centro Administrativo Municipal &#8211; Avenida Pinheiro , n\u00ba 1500, Centro-Passa Sete-RS Hor\u00e1rio de Atendimento:\u00a0 Segunda a Sexta-feira \u2013 8h00min<span class=\"excerpt-hellip\"> [\u2026]<\/span><\/p>\n","protected":false},"author":3,"featured_media":0,"parent":0,"menu_order":0,"comment_status":"closed","ping_status":"closed","template":"","meta":{"footnotes":""},"class_list":["post-3766","page","type-page","status-publish","hentry"],"_links":{"self":[{"href":"http:\/\/passasete.rs.gov.br\/portal\/wp-json\/wp\/v2\/pages\/3766","targetHints":{"allow":["GET"]}}],"collection":[{"href":"http:\/\/passasete.rs.gov.br\/portal\/wp-json\/wp\/v2\/pages"}],"about":[{"href":"http:\/\/passasete.rs.gov.br\/portal\/wp-json\/wp\/v2\/types\/page"}],"author":[{"embeddable":true,"href":"http:\/\/passasete.rs.gov.br\/portal\/wp-json\/wp\/v2\/users\/3"}],"replies":[{"embeddable":true,"href":"http:\/\/passasete.rs.gov.br\/portal\/wp-json\/wp\/v2\/comments?post=3766"}],"version-history":[{"count":8,"href":"http:\/\/passasete.rs.gov.br\/portal\/wp-json\/wp\/v2\/pages\/3766\/revisions"}],"predecessor-version":[{"id":7262,"href":"http:\/\/passasete.rs.gov.br\/portal\/wp-json\/wp\/v2\/pages\/3766\/revisions\/7262"}],"wp:attachment":[{"href":"http:\/\/passasete.rs.gov.br\/portal\/wp-json\/wp\/v2\/media?parent=3766"}],"curies":[{"name":"wp","href":"https:\/\/api.w.org\/{rel}","templated":true}]}}