{"id":3795,"date":"2021-06-07T18:17:40","date_gmt":"2021-06-07T21:17:40","guid":{"rendered":"http:\/\/passasete.rs.gov.br\/portal\/?page_id=3795"},"modified":"2021-06-07T18:17:41","modified_gmt":"2021-06-07T21:17:41","slug":"gabinete-do-prefeito","status":"publish","type":"page","link":"http:\/\/passasete.rs.gov.br\/portal\/gabinete-do-prefeito\/","title":{"rendered":"Gabinete do Prefeito"},"content":{"rendered":"\n<div class=\"wp-block-image\"><figure class=\"alignleft size-large is-resized\"><img fetchpriority=\"high\" decoding=\"async\" src=\"http:\/\/passasete.rs.gov.br\/portal\/wp-content\/uploads\/2021\/06\/Gabinete.jpg\" alt=\"\" class=\"wp-image-3796\" width=\"268\" height=\"237\" srcset=\"http:\/\/passasete.rs.gov.br\/portal\/wp-content\/uploads\/2021\/06\/Gabinete.jpg 429w, http:\/\/passasete.rs.gov.br\/portal\/wp-content\/uploads\/2021\/06\/Gabinete-300x266.jpg 300w, http:\/\/passasete.rs.gov.br\/portal\/wp-content\/uploads\/2021\/06\/Gabinete-165x146.jpg 165w, http:\/\/passasete.rs.gov.br\/portal\/wp-content\/uploads\/2021\/06\/Gabinete-50x44.jpg 50w, http:\/\/passasete.rs.gov.br\/portal\/wp-content\/uploads\/2021\/06\/Gabinete-85x75.jpg 85w\" sizes=\"(max-width: 268px) 100vw, 268px\" \/><\/figure><\/div>\n\n\n<p>Prefeito: Maur\u00edcio Afonso Ruoso<\/p>\n<p>Endere\u00e7o: AvenidaPinheiro, n\u00ba 1500, Bairro Centro, CEP 96908-000, Passa Sete \u2013 RS<\/p>\n<p>Hor\u00e1rio de Atendimento: Segunda a Sexta-feira \u2013 8h00min \u00e0s 12h00min \u2013 13h00min \u00e0s 17h00min.<\/p>\n<p>Telefones: (51) 3616-6041; (51) 3616-6042.<\/p>\n<p>E-mail: <a href=\"mailto:gabinete@passasete.rs.gov.br\">gabinete@passasete.rs.gov.br<\/a><\/p>\n<p>\u00a0<\/p>\n<p>O Gabinete do Prefeito \u00e9 o \u00f3rg\u00e3o de assessoramento ao Prefeito e tem por compet\u00eancia:<\/p>\n<p>\u00a0\u00a0 I &#8211; a coordena\u00e7\u00e3o da pol\u00edtica governamental do Munic\u00edpio;<\/p>\n<p>\u00a0\u00a0 II &#8211; a coordena\u00e7\u00e3o da representa\u00e7\u00e3o pol\u00edtica e social do Prefeito;<\/p>\n<p>\u00a0\u00a0 III &#8211; a assist\u00eancia ao Prefeito em suas rela\u00e7\u00f5es pol\u00edtico-administrativas com a popula\u00e7\u00e3o, organismos estaduais e federais, \u00f3rg\u00e3os e entidades p\u00fablicos e privados;<\/p>\n<p>\u00a0\u00a0 IV &#8211; a assessoria ao Prefeito em suas rela\u00e7\u00f5es com a C\u00e2mara Municipal de Vereadores;<\/p>\n<p>\u00a0\u00a0 V &#8211; a organiza\u00e7\u00e3o da agenda de audi\u00eancias, entrevistas e reuni\u00f5es do Prefeito;<\/p>\n<p>\u00a0\u00a0 VI &#8211; a prepara\u00e7\u00e3o e o encaminhamento do expediente a ser despachado pelo Prefeito;<\/p>\n<p>\u00a0\u00a0 VII &#8211; a coordena\u00e7\u00e3o das atividades de imprensa, rela\u00e7\u00f5es p\u00fablicas e divulga\u00e7\u00e3o das diretrizes, dos planos, programas e outros assuntos de interesse da Prefeitura;<\/p>\n<p>\u00a0\u00a0 VIII &#8211; a organiza\u00e7\u00e3o e coordena\u00e7\u00e3o dos servi\u00e7os de cerimonial;<\/p>\n<p>\u00a0\u00a0 IX &#8211; a articula\u00e7\u00e3o e apoio administrativo direto ao Sistema de Controle Interno, bem como aos Conselhos Municipais vinculados ao Gabinete;<\/p>\n<p>\u00a0\u00a0 X &#8211; a articula\u00e7\u00e3o permanente com os demais \u00f3rg\u00e3os que comp\u00f5em a estrutura administrativa do Munic\u00edpio;<\/p>\n<p>\u00a0\u00a0 XI &#8211; o desempenho de outras compet\u00eancias afins.<\/p>\n<p>Ficam vinculados ao Gabinete do Prefeito os seguintes Conselhos, Fundos, Coordenadorias e\/ou unidades administrativas:<\/p>\n<p>\u00a0\u00a0\u00a0 &#8211; Conselho Municipal de Defesa Civil &#8211; COMUDEC; (Vide LM 1.477\/2017)<\/p>\n<p>\u00a0\u00a0\u00a0 &#8211; Fundo Municipal de Defesa Civil &#8211; FUMDEC; (Vide LM 1.477\/2017)<\/p>\n<p>\u00a0\u00a0 &#8211; Coordenadoria Municipal de Defesa Civil &#8211; COMDEC; (Vide LM 1.477\/2017)<\/p>\n<p>\u00a0 &#8211; Junta do Servi\u00e7o Militar &#8211; JSM;<\/p>\n<p>\u00a0\u00a0 &#8211; Unidade Central do Sistema de Controle Interno &#8211; UCCI;<\/p>\n<p>\u00a0 &#8211; demais Conselhos, Fundos, Coordenadorias e\/ou Unidades Administrativas n\u00e3o vinculados a outro \u00f3rg\u00e3o municipal.<\/p>\n<p>O Gabinete do Prefeito \u00e9 coordenado pelo Chefe de Gabinete e contar\u00e1 com pessoal t\u00e9cnico e administrativo necess\u00e1rio ao desempenho de suas fun\u00e7\u00f5es, al\u00e9m de contar com o apoio das seguintes assessorias e\/ou coordenadorias:<\/p>\n<p>\u00a0\u00a0 I &#8211; Coordenadoria Municipal de Defesa Civil;<\/p>\n<p>\u00a0\u00a0 II &#8211; Assessoria Jur\u00eddica;<\/p>\n<p>\u00a0\u00a0 III &#8211; Assessoria de Engenharia;<\/p>\n<p>\u00a0\u00a0 IV &#8211; Assessoria de Comunica\u00e7\u00e3o.<\/p>\n<p><strong>Integra, a organiza\u00e7\u00e3o do Munic\u00edpio, como \u00f3rg\u00e3os de coopera\u00e7\u00e3o, representa\u00e7\u00e3o e assessoramento ao Prefeito, os seguintes Conselhos:<\/strong><\/p>\n<p><strong>\u00a0\u00a0 <\/strong>I &#8211; Conselho Municipal de Defesa Civil &#8211; COMUDEC;<\/p>\n<p>\u00a0\u00a0 II &#8211; Conselho Municipal de Previd\u00eancia Social &#8211; CMPS;<\/p>\n<p>\u00a0\u00a0 III &#8211; Conselho Municipal de Tr\u00e2nsito &#8211; COMTRA;<\/p>\n<p>\u00a0\u00a0 IV &#8211; Conselho Gestor do Fundo Municipal de Habita\u00e7\u00e3o e Interesse Social &#8211; FMHIS;<\/p>\n<p>\u00a0\u00a0 V &#8211; Conselho Municipal de Sa\u00fade &#8211; CMS;<\/p>\n<p>\u00a0\u00a0 VI &#8211; Conselho Municipal de Educa\u00e7\u00e3o &#8211; CME;<\/p>\n<p>\u00a0\u00a0 VII &#8211; Conselho Municipal de Alimenta\u00e7\u00e3o Escolar &#8211; CAE;<\/p>\n<p>\u00a0\u00a0 VIII &#8211; Conselho Municipal de Acompanhamento e Controle Social do Fundo de Manuten\u00e7\u00e3o e Desenvolvimento da Educa\u00e7\u00e3o B\u00e1sica e de Valoriza\u00e7\u00e3o dos Profissionais da Educa\u00e7\u00e3o &#8211; FUNDEB;<\/p>\n<p>\u00a0\u00a0 IX &#8211; Conselho Municipal de Pol\u00edticas Culturais &#8211; CMPC;<\/p>\n<p>\u00a0\u00a0 X &#8211; Conselho Municipal de Desporto &#8211; CMD;<\/p>\n<p>\u00a0\u00a0 XI &#8211; Conselho Municipal de Desenvolvimento Rural &#8211; COMDER;<\/p>\n<p>\u00a0\u00a0 XII &#8211; Conselho Municipal de Defesa do Meio Ambiente &#8211; COMDEMA;<\/p>\n<p>\u00a0\u00a0 XIII &#8211; Conselho Municipal de Desenvolvimento &#8211; COMUDE;<\/p>\n<p>\u00a0\u00a0 XIV &#8211; Conselho Municipal de Desenvolvimento Econ\u00f4mico e Social &#8211; COMDES<\/p>\n<p>\u00a0\u00a0 XV &#8211; Conselho Municipal de Assist\u00eancia Social &#8211; CMAS;<\/p>\n<p>\u00a0\u00a0 XVI &#8211; Conselho Municipal dos Direitos da Crian\u00e7a e do Adolescente &#8211; COMDICA;<\/p>\n<p>\u00a0\u00a0 XVII &#8211; Conselho Tutelar &#8211; CT;<\/p>\n<p>\u00a0\u00a0 Ficar\u00e3o integrados \u00e0 organiza\u00e7\u00e3o os Conselhos Municipais criados em legisla\u00e7\u00e3o espec\u00edfica.<\/p>","protected":false},"excerpt":{"rendered":"<p>Prefeito: Maur\u00edcio Afonso Ruoso Endere\u00e7o: AvenidaPinheiro, n\u00ba 1500, Bairro Centro, CEP 96908-000, Passa Sete \u2013 RS Hor\u00e1rio de Atendimento: Segunda a Sexta-feira \u2013 8h00min \u00e0s 12h00min<span class=\"excerpt-hellip\"> [\u2026]<\/span><\/p>\n","protected":false},"author":3,"featured_media":0,"parent":0,"menu_order":0,"comment_status":"closed","ping_status":"closed","template":"","meta":{"footnotes":""},"class_list":["post-3795","page","type-page","status-publish","hentry"],"_links":{"self":[{"href":"http:\/\/passasete.rs.gov.br\/portal\/wp-json\/wp\/v2\/pages\/3795","targetHints":{"allow":["GET"]}}],"collection":[{"href":"http:\/\/passasete.rs.gov.br\/portal\/wp-json\/wp\/v2\/pages"}],"about":[{"href":"http:\/\/passasete.rs.gov.br\/portal\/wp-json\/wp\/v2\/types\/page"}],"author":[{"embeddable":true,"href":"http:\/\/passasete.rs.gov.br\/portal\/wp-json\/wp\/v2\/users\/3"}],"replies":[{"embeddable":true,"href":"http:\/\/passasete.rs.gov.br\/portal\/wp-json\/wp\/v2\/comments?post=3795"}],"version-history":[{"count":1,"href":"http:\/\/passasete.rs.gov.br\/portal\/wp-json\/wp\/v2\/pages\/3795\/revisions"}],"predecessor-version":[{"id":3798,"href":"http:\/\/passasete.rs.gov.br\/portal\/wp-json\/wp\/v2\/pages\/3795\/revisions\/3798"}],"wp:attachment":[{"href":"http:\/\/passasete.rs.gov.br\/portal\/wp-json\/wp\/v2\/media?parent=3795"}],"curies":[{"name":"wp","href":"https:\/\/api.w.org\/{rel}","templated":true}]}}