{"id":3970,"date":"2021-08-10T20:10:43","date_gmt":"2021-08-10T23:10:43","guid":{"rendered":"http:\/\/passasete.rs.gov.br\/portal\/?page_id=3970"},"modified":"2021-08-18T14:32:11","modified_gmt":"2021-08-18T17:32:11","slug":"ouvidoria-covid19","status":"publish","type":"page","link":"http:\/\/passasete.rs.gov.br\/portal\/ouvidoria-covid19\/","title":{"rendered":"Ouvidoria Covid19"},"content":{"rendered":"\n<p>A Ouvidoria \u00e9 um espa\u00e7o de cidadania e de comunica\u00e7\u00e3o entre o cidad\u00e3o e a gest\u00e3o o qual garante as manifesta\u00e7\u00f5es e contribui\u00e7\u00f5es da popula\u00e7\u00e3o, buscando a melhoria da qualidade dos servi\u00e7os de sa\u00fade, permitindo a constru\u00e7\u00e3o de uma sociedade mais informada e participativa.<\/p>\n\n\n\n<p><strong>Aqui voc\u00ea pode manifestar suas reclama\u00e7\u00f5es, sugest\u00f5es, solicita\u00e7\u00f5es, den\u00fancias, elogios, bem como solicitar informa\u00e7\u00f5es relativas \u00e0 sa\u00fade.<\/strong><\/p>\n\n\n\n<p>Telefone <strong>Ouvidoria SES\/RS:<\/strong>&nbsp;0800 6450 644&nbsp;&nbsp; E-mail:&nbsp;<a href=\"mailto:ouvidoria-sus@saude.rs.gov.br\" target=\"_blank\" rel=\"noreferrer noopener\">ouvidoria-sus@saude.rs.gov.br<\/a>&nbsp;<\/p>\n\n\n\n<p>Links: Registre aqui a sua manifesta\u00e7\u00e3o:(<a href=\"http:\/\/ouvprod01.saude.gov.br\/ouvidor\/CadastroDemandaPortal.do\">http:\/\/ouvprod01.saude.gov.br\/ouvidor\/CadastroDemandaPortal.do<\/a>) ou <a href=\"http:\/\/ouvprod01.saude.gov.br\/ouvidor\/AcompanhamentoDemandaPortal.do\">Acompanhe aqui a sua manifesta\u00e7\u00e3o<\/a> (<a href=\"http:\/\/ouvprod01.saude.gov.br\/ouvidor\/AcompanhamentoDemandaPortal.do\">http:\/\/ouvprod01.saude.gov.br\/ouvidor\/AcompanhamentoDemandaPortal.do<\/a>)<\/p>\n\n\n\n<p>Telefone da <strong>Ouvidoria SUS Municipal<\/strong>: (51) 3616-6082 \u2013 com Andreia Giacobe ou Cristiane Muller Muniz. E-mail Ouvidoria SUS Municipal: passasete.ouvidoriadosus@hotmail.com<\/p>\n\n\n\n<p>Telefone <strong>Ouvidoria Municipal Fala.BR Passa Sete<\/strong> (Controladoria Geral da Uni\u00e3o): (51) 3616-6041 \u2013 com Marivani Rodrigues Link:<a href=\"https:\/\/falabr.cgu.gov.br\/publico\/RS\/PassaSete\/Manifestacao\/RegistrarManifestacao\">https:\/\/falabr.cgu.gov.br\/publico\/RS\/PassaSete\/Manifestacao\/RegistrarManifestacao<\/a><\/p>\n\n\n\n<p><\/p>\n\n\n\n<p><\/p>\n\n\n\n<p><\/p>\n","protected":false},"excerpt":{"rendered":"<p>A Ouvidoria \u00e9 um espa\u00e7o de cidadania e de comunica\u00e7\u00e3o entre o cidad\u00e3o e a gest\u00e3o o qual garante as manifesta\u00e7\u00f5es e contribui\u00e7\u00f5es da popula\u00e7\u00e3o, buscando<span class=\"excerpt-hellip\"> [\u2026]<\/span><\/p>\n","protected":false},"author":3,"featured_media":0,"parent":0,"menu_order":0,"comment_status":"closed","ping_status":"closed","template":"","meta":{"footnotes":""},"class_list":["post-3970","page","type-page","status-publish","hentry"],"_links":{"self":[{"href":"http:\/\/passasete.rs.gov.br\/portal\/wp-json\/wp\/v2\/pages\/3970","targetHints":{"allow":["GET"]}}],"collection":[{"href":"http:\/\/passasete.rs.gov.br\/portal\/wp-json\/wp\/v2\/pages"}],"about":[{"href":"http:\/\/passasete.rs.gov.br\/portal\/wp-json\/wp\/v2\/types\/page"}],"author":[{"embeddable":true,"href":"http:\/\/passasete.rs.gov.br\/portal\/wp-json\/wp\/v2\/users\/3"}],"replies":[{"embeddable":true,"href":"http:\/\/passasete.rs.gov.br\/portal\/wp-json\/wp\/v2\/comments?post=3970"}],"version-history":[{"count":4,"href":"http:\/\/passasete.rs.gov.br\/portal\/wp-json\/wp\/v2\/pages\/3970\/revisions"}],"predecessor-version":[{"id":3999,"href":"http:\/\/passasete.rs.gov.br\/portal\/wp-json\/wp\/v2\/pages\/3970\/revisions\/3999"}],"wp:attachment":[{"href":"http:\/\/passasete.rs.gov.br\/portal\/wp-json\/wp\/v2\/media?parent=3970"}],"curies":[{"name":"wp","href":"https:\/\/api.w.org\/{rel}","templated":true}]}}